{"id":3718,"date":"2023-05-10T13:35:27","date_gmt":"2023-05-10T12:35:27","guid":{"rendered":"http:\/\/www.cpps.universite-paris-saclay.fr\/?page_id=3718"},"modified":"2023-07-11T20:01:46","modified_gmt":"2023-07-11T19:01:46","slug":"journee-cpps-2023","status":"publish","type":"page","link":"http:\/\/www.cpps.universite-paris-saclay.fr\/?page_id=3718","title":{"rendered":"Journ\u00e9e CPPS 2023"},"content":{"rendered":"<p>La f\u00e9d\u00e9ration de Chimie-Physique de Paris Saclay CPPS organise sa journ\u00e9e scientifique\u00a0 annuelle le <strong>Mercredi 12 Juillet 2023<\/strong> au Laboratoire de Physique des Solides, B\u00e2t 510, Universit\u00e9 Paris Saclay.<\/p>\n<p>Acc\u00e8s au LPS : <a href=\"https:\/\/www.lps.u-psud.fr\/se-rendre-au-lps\/\" target=\"_blank\">en savoir plus<\/a><\/p>\n<p>L\u2019objectif de cette journ\u00e9e est de faire un tour d\u2019horizon des r\u00e9sultats scientifiques r\u00e9cents et des projets en chimie-physique au sein de CPPS et au-del\u00e0 au niveau de Paris-Saclay. Nous souhaitons que cette Journ\u00e9e Scientifique, gratuite et ouverte \u00e0 tous, soit un lieu convivial et de discussion entre laboratoires, entre \u00e9tudiants et chercheurs confirm\u00e9s.<\/p>\n<p>CPPS encourage vivement les jeunes chercheuses et chercheurs (th\u00e8se, post doc) de la f\u00e9d\u00e9ration \u00e0 pr\u00e9senter leurs travaux. Le comit\u00e9 s\u00e9lectionnera des contributions pour une pr\u00e9sentation orale (15 min + 5 min questions). Toutes les contributions seront pr\u00e9sent\u00e9es lors de la session poster. Un buffet sera propos\u00e9 \u00e0 midi.<\/p>\n<p><strong>L&rsquo;inscription est gratuite mais obligatoire\u00a0avant le 30\/06\/2023 <\/strong><\/p>\n<p>Lien vers <strong><a href=\"http:\/\/www.cpps.universite-paris-saclay.fr\/?page_id=3725\">Inscription \/ soumission contribution<\/a><\/strong><\/p>\n<p><strong>T\u00e9l\u00e9charger le <\/strong><a href=\"http:\/\/www.cpps.universite-paris-saclay.fr\/wp-content\/uploads\/2023\/07\/CPPS-2023-Programme.pdf\" target=\"_blank\"><strong>programme et les r\u00e9sum\u00e9s<\/strong><\/a><\/p>\n<p>Nous aurons le plaisir d\u2019accueillir plusieurs physico-chimistes renomm\u00e9s:<\/p>\n<blockquote>\n<p style=\"text-align: center;\"><strong>Marie-Aline Martin (Prix CPPS 2020)<\/strong><\/p>\n<p style=\"text-align: center;\"><em>Institut des Sciences Mol\u00e9culaires d\u2019Orsay (ISMO), CNRS, Universit\u00e9 Paris Saclay<\/em><\/p>\n<p style=\"text-align: center;\">Rotational Spectroscopy of astrophysical molecules<\/p>\n<p style=\"text-align: center;\"><strong>Julia Contreras-Garcia<\/strong><\/p>\n<p style=\"text-align: center;\"><em>Laboratoire de Chimie Th\u00e9orique, Sorbonne Universit\u00e9\/CNRS<\/em><\/p>\n<p style=\"text-align: center;\">From quantum topology to properties. A focus on superconductivity<\/p>\n<p style=\"text-align: center;\"><strong>Michel Sliwa<\/strong><\/p>\n<p style=\"text-align: center;\"><em>LASIRE, CNRS, Universit\u00e9 Lille<\/em><\/p>\n<p style=\"text-align: center;\">Mechanism of photo-switchable proteins revealed by the synergy of time-resolved optical spectroscopy and crystallography<em>.<\/em><\/p>\n<\/blockquote>\n","protected":false},"excerpt":{"rendered":"<p>La f\u00e9d\u00e9ration de Chimie-Physique de Paris Saclay CPPS organise sa journ\u00e9e scientifique\u00a0 annuelle le Mercredi 12 Juillet 2023 au Laboratoire de Physique des Solides, B\u00e2t 510, Universit\u00e9 Paris Saclay. Acc\u00e8s au LPS : en savoir plus L\u2019objectif de cette journ\u00e9e est de faire un tour d\u2019horizon des r\u00e9sultats scientifiques r\u00e9cents \u2026 <a class=\"continue-reading-link\" href=\"http:\/\/www.cpps.universite-paris-saclay.fr\/?page_id=3718\"> Continue reading<\/a><\/p>\n","protected":false},"author":1,"featured_media":0,"parent":0,"menu_order":0,"comment_status":"closed","ping_status":"closed","template":"","meta":{"footnotes":""},"class_list":["post-3718","page","type-page","status-publish","hentry"],"_links":{"self":[{"href":"http:\/\/www.cpps.universite-paris-saclay.fr\/index.php?rest_route=\/wp\/v2\/pages\/3718","targetHints":{"allow":["GET"]}}],"collection":[{"href":"http:\/\/www.cpps.universite-paris-saclay.fr\/index.php?rest_route=\/wp\/v2\/pages"}],"about":[{"href":"http:\/\/www.cpps.universite-paris-saclay.fr\/index.php?rest_route=\/wp\/v2\/types\/page"}],"author":[{"embeddable":true,"href":"http:\/\/www.cpps.universite-paris-saclay.fr\/index.php?rest_route=\/wp\/v2\/users\/1"}],"replies":[{"embeddable":true,"href":"http:\/\/www.cpps.universite-paris-saclay.fr\/index.php?rest_route=%2Fwp%2Fv2%2Fcomments&post=3718"}],"version-history":[{"count":22,"href":"http:\/\/www.cpps.universite-paris-saclay.fr\/index.php?rest_route=\/wp\/v2\/pages\/3718\/revisions"}],"predecessor-version":[{"id":3866,"href":"http:\/\/www.cpps.universite-paris-saclay.fr\/index.php?rest_route=\/wp\/v2\/pages\/3718\/revisions\/3866"}],"wp:attachment":[{"href":"http:\/\/www.cpps.universite-paris-saclay.fr\/index.php?rest_route=%2Fwp%2Fv2%2Fmedia&parent=3718"}],"curies":[{"name":"wp","href":"https:\/\/api.w.org\/{rel}","templated":true}]}}