{"id":3007,"date":"2021-02-02T09:45:41","date_gmt":"2021-02-02T08:45:41","guid":{"rendered":"http:\/\/www.cpps.universite-paris-saclay.fr\/?page_id=3007"},"modified":"2022-03-11T16:25:45","modified_gmt":"2022-03-11T15:25:45","slug":"formation-etudiants","status":"publish","type":"page","link":"http:\/\/www.cpps.universite-paris-saclay.fr\/?page_id=3007","title":{"rendered":"FORMATION &#8211; BOURSES"},"content":{"rendered":"<p>La f\u00e9d\u00e9ration s&rsquo;engage \u00e0 soutenir et promouvoir la th\u00e9matique \u00ab\u00a0Chimie-Physique\u00a0\u00bb et \u00e0 ses interfaces avec la Physique, Chimie et Biologie, dans les fili\u00e8res d&rsquo;enseignement de l&rsquo;Universit\u00e9 Paris-Saclay, de l&rsquo;Universit\u00e9 Evry val d&rsquo;Essonne, de l&rsquo;Ecole Normale Sup\u00e9rieure de Paris-Saclay et de l&rsquo;Ecole Polytechnique.<\/p>\n<p>Nous proposons des actions en faveur des jeunes chercheurs en th\u00e8se et post-doc :<\/p>\n<p>&#8211; <a href=\"http:\/\/www.cpps.universite-paris-saclay.fr\/?page_id=2690\" target=\"_blank\">Bourses Jeunes<\/a><\/p>\n<p>et des actions en faveur des \u00e9tudiants en Licence et Master :<\/p>\n<p>&#8211; <a href=\"http:\/\/www.cpps.universite-paris-saclay.fr\/?page_id=2956\" target=\"_blank\">Ecole d&rsquo;\u00e9t\u00e9<\/a> \u00ab\u00a0Physico-Chimie et Probl\u00e9matiques Soci\u00e9tales Contemporaines\u00a0\u00bb<\/p>\n<p>&nbsp;<\/p>\n","protected":false},"excerpt":{"rendered":"<p>La f\u00e9d\u00e9ration s&rsquo;engage \u00e0 soutenir et promouvoir la th\u00e9matique \u00ab\u00a0Chimie-Physique\u00a0\u00bb et \u00e0 ses interfaces avec la Physique, Chimie et Biologie, dans les fili\u00e8res d&rsquo;enseignement de l&rsquo;Universit\u00e9 Paris-Saclay, de l&rsquo;Universit\u00e9 Evry val d&rsquo;Essonne, de l&rsquo;Ecole Normale Sup\u00e9rieure de Paris-Saclay et de l&rsquo;Ecole Polytechnique. Nous proposons des actions en faveur des jeunes \u2026 <a class=\"continue-reading-link\" href=\"http:\/\/www.cpps.universite-paris-saclay.fr\/?page_id=3007\"> Continue reading<\/a><\/p>\n","protected":false},"author":1,"featured_media":0,"parent":0,"menu_order":0,"comment_status":"closed","ping_status":"closed","template":"","meta":{"footnotes":""},"class_list":["post-3007","page","type-page","status-publish","hentry"],"_links":{"self":[{"href":"http:\/\/www.cpps.universite-paris-saclay.fr\/index.php?rest_route=\/wp\/v2\/pages\/3007","targetHints":{"allow":["GET"]}}],"collection":[{"href":"http:\/\/www.cpps.universite-paris-saclay.fr\/index.php?rest_route=\/wp\/v2\/pages"}],"about":[{"href":"http:\/\/www.cpps.universite-paris-saclay.fr\/index.php?rest_route=\/wp\/v2\/types\/page"}],"author":[{"embeddable":true,"href":"http:\/\/www.cpps.universite-paris-saclay.fr\/index.php?rest_route=\/wp\/v2\/users\/1"}],"replies":[{"embeddable":true,"href":"http:\/\/www.cpps.universite-paris-saclay.fr\/index.php?rest_route=%2Fwp%2Fv2%2Fcomments&post=3007"}],"version-history":[{"count":8,"href":"http:\/\/www.cpps.universite-paris-saclay.fr\/index.php?rest_route=\/wp\/v2\/pages\/3007\/revisions"}],"predecessor-version":[{"id":4232,"href":"http:\/\/www.cpps.universite-paris-saclay.fr\/index.php?rest_route=\/wp\/v2\/pages\/3007\/revisions\/4232"}],"wp:attachment":[{"href":"http:\/\/www.cpps.universite-paris-saclay.fr\/index.php?rest_route=%2Fwp%2Fv2%2Fmedia&parent=3007"}],"curies":[{"name":"wp","href":"https:\/\/api.w.org\/{rel}","templated":true}]}}