{"id":2888,"date":"2020-01-24T10:03:05","date_gmt":"2020-01-24T09:03:05","guid":{"rendered":"http:\/\/www.cpps.universite-paris-saclay.fr\/?page_id=2888"},"modified":"2020-01-24T10:45:02","modified_gmt":"2020-01-24T09:45:02","slug":"les-complexes-metalliques-sous-la-loupe-des-methodes-de-chimie-physique","status":"publish","type":"page","link":"http:\/\/www.cpps.universite-paris-saclay.fr\/?page_id=2888","title":{"rendered":"Les complexes m\u00e9talliques sous la loupe des m\u00e9thodes de chimie physique"},"content":{"rendered":"<h3>Vendredi 17 janvier 2020<\/h3>\n<p>Salle Magat, ICP, Bat 349, Facult\u00e9 des Sciences d&rsquo;Orsay, Universit\u00e9 Paris-Saclay<\/p>\n<p><a href=\"http:\/\/www.cpps.universite-paris-saclay.fr\/wp-content\/uploads\/2020\/01\/Programme_Workshop_20200117_RelaxMax.pdf\" target=\"_blank\">T\u00e9l\u00e9charger le Programme<\/a><\/p>\n<p><strong>9h30 : Gr\u00e9gory Nocton (LCM, Ecole Polytechnique)<\/strong><br \/>\n<em>Organolanthanides: unravelling unusual oxidation states and singular electronic structures<\/em><br \/>\n<strong>10h : Carole Duboc (DCM, Universit\u00e9 Grenoble Alpes)<\/strong><br \/>\n<strong>10h30 : Olivier Cador (ISCR, Universit\u00e9 de Rennes 1)<\/strong><br \/>\n<strong>11h coffee-break<\/strong><br \/>\n<strong>11h15 : Olivier Maury (Laboratoire de Chimie, ENS Lyon)<\/strong><br \/>\nC<em>orrelation between magnetism and luminescence in lanthanide coordination complexes: a friendly discussion between Bolzman and VanVleck<\/em><br \/>\n<strong>11h45 : Philippe Ma\u00eetre (ICP, Universit\u00e9 Paris-Saclay)<\/strong><br \/>\n<em>Electrospray Ionisation, an ion trap, and an infrared laser : three tools for probing reactive organometallic intermediates<\/em><br \/>\n<strong>12h15 : Poster-flash<br \/>\n12h45-14h: lunch \u2013 posters<\/strong><br \/>\n<strong>14h : Isra\u00ebl Mbomekalle (ICP, Universit\u00e9 Paris-Saclay)<\/strong><br \/>\n<em>Electrochemistry, a useful (powerful) tool for exploring Polyoxometalates properties<\/em><br \/>\n<strong>14h30 : Boris Le Guennic (ISCR, Universit\u00e9 de Rennes 1)<\/strong><br \/>\n<em>Magnetic and (chir-)optical properties of lanthanide complexes through the prism of ab initio calculations<\/em><br \/>\n<strong>15h coffee-break<br \/>\n15h15 : Thierry Gacoin (PMC, Ecole Polytechnique)<\/strong><br \/>\n<em>Methods of investigations for the establishment of structure \/ physical property relationships in inorganic nanomaterials<\/em><br \/>\n<strong>15h45 : Francesco Talotta (ICP, Universit\u00e9 Paris Saclay)<\/strong><br \/>\n<em>Excited-state mechanisms and dynamics of the ruthenium nitrosyl complex trans-[RuCl(NO)(Py)4]2+<\/em><br \/>\n<strong>16h15 : Carine Clavagu\u00e9ra (ICP, Universit\u00e9 Paris Saclay)<\/strong><br \/>\n<em>Electron transfer in lanthanide molecules: a theoretical point of view<\/em><br \/>\n<strong>16h45 : Conclusions<\/strong><\/p>\n","protected":false},"excerpt":{"rendered":"<p>Vendredi 17 janvier 2020 Salle Magat, ICP, Bat 349, Facult\u00e9 des Sciences d&rsquo;Orsay, Universit\u00e9 Paris-Saclay T\u00e9l\u00e9charger le Programme 9h30 : Gr\u00e9gory Nocton (LCM, Ecole Polytechnique) Organolanthanides: unravelling unusual oxidation states and singular electronic structures 10h : Carole Duboc (DCM, Universit\u00e9 Grenoble Alpes) 10h30 : Olivier Cador (ISCR, Universit\u00e9 de Rennes \u2026 <a class=\"continue-reading-link\" href=\"http:\/\/www.cpps.universite-paris-saclay.fr\/?page_id=2888\"> Continue reading<\/a><\/p>\n","protected":false},"author":1,"featured_media":0,"parent":2891,"menu_order":0,"comment_status":"closed","ping_status":"closed","template":"","meta":{"footnotes":""},"class_list":["post-2888","page","type-page","status-publish","hentry"],"_links":{"self":[{"href":"http:\/\/www.cpps.universite-paris-saclay.fr\/index.php?rest_route=\/wp\/v2\/pages\/2888","targetHints":{"allow":["GET"]}}],"collection":[{"href":"http:\/\/www.cpps.universite-paris-saclay.fr\/index.php?rest_route=\/wp\/v2\/pages"}],"about":[{"href":"http:\/\/www.cpps.universite-paris-saclay.fr\/index.php?rest_route=\/wp\/v2\/types\/page"}],"author":[{"embeddable":true,"href":"http:\/\/www.cpps.universite-paris-saclay.fr\/index.php?rest_route=\/wp\/v2\/users\/1"}],"replies":[{"embeddable":true,"href":"http:\/\/www.cpps.universite-paris-saclay.fr\/index.php?rest_route=%2Fwp%2Fv2%2Fcomments&post=2888"}],"version-history":[{"count":5,"href":"http:\/\/www.cpps.universite-paris-saclay.fr\/index.php?rest_route=\/wp\/v2\/pages\/2888\/revisions"}],"predecessor-version":[{"id":2903,"href":"http:\/\/www.cpps.universite-paris-saclay.fr\/index.php?rest_route=\/wp\/v2\/pages\/2888\/revisions\/2903"}],"up":[{"embeddable":true,"href":"http:\/\/www.cpps.universite-paris-saclay.fr\/index.php?rest_route=\/wp\/v2\/pages\/2891"}],"wp:attachment":[{"href":"http:\/\/www.cpps.universite-paris-saclay.fr\/index.php?rest_route=%2Fwp%2Fv2%2Fmedia&parent=2888"}],"curies":[{"name":"wp","href":"https:\/\/api.w.org\/{rel}","templated":true}]}}