{"id":2746,"date":"2020-01-15T12:02:56","date_gmt":"2020-01-15T11:02:56","guid":{"rendered":"http:\/\/www.cpps.universite-paris-saclay.fr\/?page_id=2746"},"modified":"2026-03-30T09:54:59","modified_gmt":"2026-03-30T08:54:59","slug":"accueil20","status":"publish","type":"page","link":"http:\/\/www.cpps.universite-paris-saclay.fr\/","title":{"rendered":"F\u00e9d\u00e9ration de Chimie-Physique de Paris-Saclay"},"content":{"rendered":"<table style=\"height: 179px;\" border=\"1\" width=\"806\" cellspacing=\"0\" cellpadding=\"0\">\n<tbody>\n<tr>\n<td valign=\"top\"><img loading=\"lazy\" decoding=\"async\" class=\"wp-image-2798 aligncenter\" src=\"http:\/\/www.cpps.universite-paris-saclay.fr\/wp-content\/uploads\/2020\/01\/acceuil1.png\" width=\"828\" height=\"199\" border=\"0\" srcset=\"http:\/\/www.cpps.universite-paris-saclay.fr\/wp-content\/uploads\/2020\/01\/acceuil1.png 1482w, http:\/\/www.cpps.universite-paris-saclay.fr\/wp-content\/uploads\/2020\/01\/acceuil1-300x72.png 300w, http:\/\/www.cpps.universite-paris-saclay.fr\/wp-content\/uploads\/2020\/01\/acceuil1-768x184.png 768w, http:\/\/www.cpps.universite-paris-saclay.fr\/wp-content\/uploads\/2020\/01\/acceuil1-1024x246.png 1024w, http:\/\/www.cpps.universite-paris-saclay.fr\/wp-content\/uploads\/2020\/01\/acceuil1-250x60.png 250w, http:\/\/www.cpps.universite-paris-saclay.fr\/wp-content\/uploads\/2020\/01\/acceuil1-150x36.png 150w\" sizes=\"auto, (max-width: 828px) 100vw, 828px\" \/><\/td>\n<td valign=\"top\">\u00a0<\/td>\n<\/tr>\n<\/tbody>\n<\/table>\n<p>La f\u00e9d\u00e9ration CPPS du CNRS a \u00e9t\u00e9 renouvel\u00e9e au 01\/01\/2020. CPPS est constitu\u00e9e de 11 laboratoires, regroupant environ 350 chercheurs et enseignant-chercheurs permanents et 150 non permanents (th\u00e8se, post doc). La f\u00e9d\u00e9ration a pour but de promouvoir la Chimie Physique au sens large dans le p\u00e9rim\u00e8tre g\u00e9ographique Palaiseau-Orsay-Gif-Saclay-Evry. La f\u00e9d\u00e9ration organise et soutient des actions sur le plan de la recherche et de l&rsquo;enseignement, notamment en faveur des jeunes chercheuses et chercheurs (post-doctorants, doctorants, \u00e9tudiants).<\/p>\n<h1 style=\"padding-left: 30px;\"><span style=\"color: #ff0000;\"><strong>A LA UNE :<\/strong><\/span><\/h1>\n<h4>&#8211;\u00a0Appel \u00ab\u00a0Bourses Jeunes Formation\/Conf\u00e9rence\u00a0\u00bb: ouvert : <a href=\"http:\/\/www.cpps.universite-paris-saclay.fr\/?page_id=2719\">En savoir plus<\/a><\/h4>\n<h4>&#8211; Appel \u00ab\u00a0Bourses Jeunes Collaboration\u00a0\u00bb: ouvert : <a href=\"http:\/\/www.cpps.universite-paris-saclay.fr\/?page_id=2704\">En savoir plus<\/a><\/h4>\n<h4>&#8211; 5eme Ecole d&rsquo;\u00e9t\u00e9 de Chimie-Physique du 29 juin au 3 Juillet 2026 : <a href=\"http:\/\/www.cpps.universite-paris-saclay.fr\/?page_id=2956\">En savoir plus<\/a><\/h4>\n<h4>&#8211;\u00a0 Journ\u00e9e scientifique CPPS : 12 d\u00e9cembre 2025 : <a href=\"http:\/\/www.cpps.universite-paris-saclay.fr\/?page_id=4088\u2197\">En savoir plus<\/a><\/h4>\n<h4>\u00a0&#8211; Envoyer un message sur la liste de diffusion : <a href=\"mailto:cpps@services.cnrs.fr?subject=[CPPS]\">mel<\/a><\/h4>\n<h4>\u00a0<\/h4>\n<table style=\"height: 210px;\" border=\"1\" width=\"833\" cellspacing=\"0\" cellpadding=\"0\">\n<tbody>\n<tr>\n<td valign=\"top\"><img loading=\"lazy\" decoding=\"async\" class=\"wp-image-2822 alignleft\" src=\"http:\/\/www.cpps.universite-paris-saclay.fr\/wp-content\/uploads\/2020\/01\/acceuil3.png\" width=\"813\" height=\"195\" border=\"0\" srcset=\"http:\/\/www.cpps.universite-paris-saclay.fr\/wp-content\/uploads\/2020\/01\/acceuil3.png 1481w, http:\/\/www.cpps.universite-paris-saclay.fr\/wp-content\/uploads\/2020\/01\/acceuil3-300x72.png 300w, http:\/\/www.cpps.universite-paris-saclay.fr\/wp-content\/uploads\/2020\/01\/acceuil3-768x184.png 768w, http:\/\/www.cpps.universite-paris-saclay.fr\/wp-content\/uploads\/2020\/01\/acceuil3-1024x245.png 1024w, http:\/\/www.cpps.universite-paris-saclay.fr\/wp-content\/uploads\/2020\/01\/acceuil3-250x60.png 250w, http:\/\/www.cpps.universite-paris-saclay.fr\/wp-content\/uploads\/2020\/01\/acceuil3-150x36.png 150w\" sizes=\"auto, (max-width: 813px) 100vw, 813px\" \/><\/td>\n<\/tr>\n<\/tbody>\n<\/table>\n\n\n<p><\/p>\n","protected":false},"excerpt":{"rendered":"<p>\u00a0 La f\u00e9d\u00e9ration CPPS du CNRS a \u00e9t\u00e9 renouvel\u00e9e au 01\/01\/2020. CPPS est constitu\u00e9e de 11 laboratoires, regroupant environ 350 chercheurs et enseignant-chercheurs permanents et 150 non permanents (th\u00e8se, post doc). La f\u00e9d\u00e9ration a pour but de promouvoir la Chimie Physique au sens large dans le p\u00e9rim\u00e8tre g\u00e9ographique Palaiseau-Orsay-Gif-Saclay-Evry. La \u2026 <a class=\"continue-reading-link\" href=\"http:\/\/www.cpps.universite-paris-saclay.fr\/\"> Continue reading<\/a><\/p>\n","protected":false},"author":1,"featured_media":0,"parent":0,"menu_order":0,"comment_status":"closed","ping_status":"closed","template":"","meta":{"footnotes":""},"class_list":["post-2746","page","type-page","status-publish","hentry"],"_links":{"self":[{"href":"http:\/\/www.cpps.universite-paris-saclay.fr\/index.php?rest_route=\/wp\/v2\/pages\/2746","targetHints":{"allow":["GET"]}}],"collection":[{"href":"http:\/\/www.cpps.universite-paris-saclay.fr\/index.php?rest_route=\/wp\/v2\/pages"}],"about":[{"href":"http:\/\/www.cpps.universite-paris-saclay.fr\/index.php?rest_route=\/wp\/v2\/types\/page"}],"author":[{"embeddable":true,"href":"http:\/\/www.cpps.universite-paris-saclay.fr\/index.php?rest_route=\/wp\/v2\/users\/1"}],"replies":[{"embeddable":true,"href":"http:\/\/www.cpps.universite-paris-saclay.fr\/index.php?rest_route=%2Fwp%2Fv2%2Fcomments&post=2746"}],"version-history":[{"count":75,"href":"http:\/\/www.cpps.universite-paris-saclay.fr\/index.php?rest_route=\/wp\/v2\/pages\/2746\/revisions"}],"predecessor-version":[{"id":4228,"href":"http:\/\/www.cpps.universite-paris-saclay.fr\/index.php?rest_route=\/wp\/v2\/pages\/2746\/revisions\/4228"}],"wp:attachment":[{"href":"http:\/\/www.cpps.universite-paris-saclay.fr\/index.php?rest_route=%2Fwp%2Fv2%2Fmedia&parent=2746"}],"curies":[{"name":"wp","href":"https:\/\/api.w.org\/{rel}","templated":true}]}}