{"id":2551,"date":"2019-10-30T11:40:38","date_gmt":"2019-10-30T10:40:38","guid":{"rendered":"http:\/\/www.cpps.u-psud.fr\/?page_id=2551"},"modified":"2020-01-14T12:51:26","modified_gmt":"2020-01-14T11:51:26","slug":"nanophotonique-2019","status":"publish","type":"page","link":"http:\/\/www.cpps.universite-paris-saclay.fr\/?page_id=2551","title":{"rendered":"Nanophotonics 2019"},"content":{"rendered":"<h2>Mardi 10 d\u00e9cembre 2019,\u00a013h00 \u2013 17h30<\/h2>\n<p>Laboratoire Chimie Physique, Salle Magat<\/p>\n<p>Les th\u00e9matiques abord\u00e9es : nanophotonique, interactions lumi\u00e8re-mati\u00e8re \u00e0 l&rsquo;\u00e9chelle nanom\u00e9trique, conversion d&rsquo;\u00e9nergie solaire, physico-chimie des surfaces, le plasmonique, la chiralit\u00e9, \u2026<\/p>\n<p><strong><span style=\"color: #ff0000;\"> <a style=\"color: #ff0000;\" href=\"http:\/\/www.cpps.u-psud.fr\/?page_id=2557\">Inscription<\/a>\u00a0<span style=\"color: #000000;\">\u00a0\u00a0\u00a0<\/span><\/span><\/strong><span style=\"color: #ff0000;\"><span style=\"color: #000000;\">\u00a0\u00a0\u00a0\u00a0 (gratuite, mais pour mieux s&rsquo;organiser)<\/span><\/span><\/p>\n<p><u>Conf\u00e9rence invit\u00e9e<\/u><\/p>\n<p>13h00 \u2013 14h00 Pr. George Thomas, IISER Trivandrum, membre de l\u2019acad\u00e9mie des sciences d\u2019Inde, pr\u00e9sident de l\u2019Asian Photochemistry Association.<\/p>\n<p>\u00ab\u00a0Electron and Energy Transfer in Semiconductor Quantum Dots\u00a0\u00bb.<\/p>\n<p>Pr\u00e9sentations :<\/p>\n<p>14h00 \u2013 14h30 : Pr. Rachel Meallet-Renault, ISMO. \u00ab\u00a0Luminescent organic nanoparticles for sensing\u00a0\u00bb.<\/p>\n<p>14h30 \u2013 15h00 : Dr. Pascale Changenet, LOB. \u00ab\u00a0Time-resolved circular dichroism spectroscopy for probing electronic and conformational changes of multichromophoric assemblies\u00a0\u00bb.<\/p>\n<p>15h00 \u2013 16h00 : Caf\u00e9\/Gouter<\/p>\n<p>16h00 \u2013 16h30 : Dr. Damien Garrot, GEMaC. \u00ab\u00a0Photophysics of Two-dimensional Hybrid Perovskites\u00a0\u00bb.<\/p>\n<p>16h30 \u2013 17h00 : Dr. Elsa Cassette, LIDYL, CEA Saclay. \u00ab\u00a0Ultrafast relaxation of excitons and charge carriers in colloidal perovskite nanostructures : effect of confinement and surface\u00a0\u00bb.<\/p>\n<p>17h00 \u2013 17h30 : Dr. C\u00e9line Fiorini, SPEC, CEA Saclay. \u00ab\u00a0Azobenzene : from nonlinear nanophotonics to nanoscale photomechanics\u00a0\u00bb.<\/p>\n","protected":false},"excerpt":{"rendered":"<p>Mardi 10 d\u00e9cembre 2019,\u00a013h00 \u2013 17h30 Laboratoire Chimie Physique, Salle Magat Les th\u00e9matiques abord\u00e9es : nanophotonique, interactions lumi\u00e8re-mati\u00e8re \u00e0 l&rsquo;\u00e9chelle nanom\u00e9trique, conversion d&rsquo;\u00e9nergie solaire, physico-chimie des surfaces, le plasmonique, la chiralit\u00e9, \u2026 Inscription\u00a0\u00a0\u00a0\u00a0\u00a0\u00a0\u00a0\u00a0 (gratuite, mais pour mieux s&rsquo;organiser) Conf\u00e9rence invit\u00e9e 13h00 \u2013 14h00 Pr. George Thomas, IISER Trivandrum, membre de \u2026 <a class=\"continue-reading-link\" href=\"http:\/\/www.cpps.universite-paris-saclay.fr\/?page_id=2551\"> Continue reading<\/a><\/p>\n","protected":false},"author":1,"featured_media":0,"parent":2357,"menu_order":10,"comment_status":"closed","ping_status":"closed","template":"","meta":{"footnotes":""},"class_list":["post-2551","page","type-page","status-publish","hentry"],"_links":{"self":[{"href":"http:\/\/www.cpps.universite-paris-saclay.fr\/index.php?rest_route=\/wp\/v2\/pages\/2551","targetHints":{"allow":["GET"]}}],"collection":[{"href":"http:\/\/www.cpps.universite-paris-saclay.fr\/index.php?rest_route=\/wp\/v2\/pages"}],"about":[{"href":"http:\/\/www.cpps.universite-paris-saclay.fr\/index.php?rest_route=\/wp\/v2\/types\/page"}],"author":[{"embeddable":true,"href":"http:\/\/www.cpps.universite-paris-saclay.fr\/index.php?rest_route=\/wp\/v2\/users\/1"}],"replies":[{"embeddable":true,"href":"http:\/\/www.cpps.universite-paris-saclay.fr\/index.php?rest_route=%2Fwp%2Fv2%2Fcomments&post=2551"}],"version-history":[{"count":21,"href":"http:\/\/www.cpps.universite-paris-saclay.fr\/index.php?rest_route=\/wp\/v2\/pages\/2551\/revisions"}],"predecessor-version":[{"id":2633,"href":"http:\/\/www.cpps.universite-paris-saclay.fr\/index.php?rest_route=\/wp\/v2\/pages\/2551\/revisions\/2633"}],"up":[{"embeddable":true,"href":"http:\/\/www.cpps.universite-paris-saclay.fr\/index.php?rest_route=\/wp\/v2\/pages\/2357"}],"wp:attachment":[{"href":"http:\/\/www.cpps.universite-paris-saclay.fr\/index.php?rest_route=%2Fwp%2Fv2%2Fmedia&parent=2551"}],"curies":[{"name":"wp","href":"https:\/\/api.w.org\/{rel}","templated":true}]}}