{"id":2536,"date":"2019-08-27T08:21:54","date_gmt":"2019-08-27T07:21:54","guid":{"rendered":"http:\/\/www.cpps.u-psud.fr\/?page_id=2536"},"modified":"2019-10-21T12:27:07","modified_gmt":"2019-10-21T11:27:07","slug":"dynamique-multi-echelle-dans-les-systemes-moleculaires","status":"publish","type":"page","link":"http:\/\/www.cpps.universite-paris-saclay.fr\/?page_id=2536","title":{"rendered":"Dynamique multi-\u00e9chelle dans les syst\u00e8mes mol\u00e9culaires"},"content":{"rendered":"<p><em>Ecole de Physique des Houches<\/em> &#8211; 25 au 30 ao\u00fbt 2019<\/p>\n<p>Cette \u00e9cole est d\u00e9di\u00e9e \u00e0 l\u2019\u00e9tude des processus dynamiques qui prennent place dans les \u00e9difices mol\u00e9culaires isol\u00e9s ou solvat\u00e9s suite \u00e0 une excitation laser ou collisionnelle. Nous consid\u00e9rerons des \u00e9chelles de temps vari\u00e9es couvrant des processus tr\u00e8s rapides (dynamique \u00e9lectronique) jusqu&rsquo;aux processus chimiques (dynamique statistique et cin\u00e9tique lente). Les m\u00e9canismes \u00e9lectroniques et vibrationnels, coh\u00e9rents ou non, seront abord\u00e9s. Le point de vue formel sera pr\u00e9sent\u00e9 ainsi que les moyens d&rsquo;acc\u00e9der aux propri\u00e9t\u00e9s et m\u00e9canismes en jeu aussi bien par l&rsquo;exp\u00e9rience que par la simulation num\u00e9rique.<\/p>\n<p>Cette action est une proposition conjointe des GDR Edifices Mol\u00e9culaires Isol\u00e9s et Environn\u00e9s (EMIE, regroupe les \u00e9quipes \u00e9tudiant des processus atomiques et mol\u00e9culaires en phase gazeuse) et du GDR Ultrafast Phenomena (UP, regroupe des \u00e9quipes \u00e9tudiant des ph\u00e9nom\u00e8nes r\u00e9solus en temps). Les cours seront en anglais. Information et Inscriptions :\u00a0<a href=\"http:\/\/iramis.cea.fr\/meetings\/Ecole_EMIE_UP\/\">http:\/\/iramis.cea.fr\/meetings\/Ecole_EMIE_UP\/<\/a><\/p>\n","protected":false},"excerpt":{"rendered":"<p>Ecole de Physique des Houches &#8211; 25 au 30 ao\u00fbt 2019 Cette \u00e9cole est d\u00e9di\u00e9e \u00e0 l\u2019\u00e9tude des processus dynamiques qui prennent place dans les \u00e9difices mol\u00e9culaires isol\u00e9s ou solvat\u00e9s suite \u00e0 une excitation laser ou collisionnelle. Nous consid\u00e9rerons des \u00e9chelles de temps vari\u00e9es couvrant des processus tr\u00e8s rapides (dynamique \u2026 <a class=\"continue-reading-link\" href=\"http:\/\/www.cpps.universite-paris-saclay.fr\/?page_id=2536\"> Continue reading<\/a><\/p>\n","protected":false},"author":1,"featured_media":0,"parent":2357,"menu_order":5,"comment_status":"closed","ping_status":"closed","template":"","meta":{"footnotes":""},"class_list":["post-2536","page","type-page","status-publish","hentry"],"_links":{"self":[{"href":"http:\/\/www.cpps.universite-paris-saclay.fr\/index.php?rest_route=\/wp\/v2\/pages\/2536","targetHints":{"allow":["GET"]}}],"collection":[{"href":"http:\/\/www.cpps.universite-paris-saclay.fr\/index.php?rest_route=\/wp\/v2\/pages"}],"about":[{"href":"http:\/\/www.cpps.universite-paris-saclay.fr\/index.php?rest_route=\/wp\/v2\/types\/page"}],"author":[{"embeddable":true,"href":"http:\/\/www.cpps.universite-paris-saclay.fr\/index.php?rest_route=\/wp\/v2\/users\/1"}],"replies":[{"embeddable":true,"href":"http:\/\/www.cpps.universite-paris-saclay.fr\/index.php?rest_route=%2Fwp%2Fv2%2Fcomments&post=2536"}],"version-history":[{"count":1,"href":"http:\/\/www.cpps.universite-paris-saclay.fr\/index.php?rest_route=\/wp\/v2\/pages\/2536\/revisions"}],"predecessor-version":[{"id":2537,"href":"http:\/\/www.cpps.universite-paris-saclay.fr\/index.php?rest_route=\/wp\/v2\/pages\/2536\/revisions\/2537"}],"up":[{"embeddable":true,"href":"http:\/\/www.cpps.universite-paris-saclay.fr\/index.php?rest_route=\/wp\/v2\/pages\/2357"}],"wp:attachment":[{"href":"http:\/\/www.cpps.universite-paris-saclay.fr\/index.php?rest_route=%2Fwp%2Fv2%2Fmedia&parent=2536"}],"curies":[{"name":"wp","href":"https:\/\/api.w.org\/{rel}","templated":true}]}}