{"id":1679,"date":"2017-07-25T10:12:42","date_gmt":"2017-07-25T09:12:42","guid":{"rendered":"http:\/\/www.cpps.u-psud.fr\/?page_id=1679"},"modified":"2018-05-01T23:37:10","modified_gmt":"2018-05-01T22:37:10","slug":"journee-cpps-2017","status":"publish","type":"page","link":"http:\/\/www.cpps.universite-paris-saclay.fr\/?page_id=1679","title":{"rendered":"Journ\u00e9e CPPS 2017"},"content":{"rendered":"<p>La\u00a0<strong>F\u00e9d\u00e9ration de Chimie-Physique de Paris Saclay (CPPS)<\/strong>\u00a0organise une\u00a0<strong>Journ\u00e9e Scientifique CPPS le\u00a0<\/strong><strong>mercredi 20 Septembre 2017<\/strong>, au b\u00e2timent IBGBI de l&rsquo;Universit\u00e9 d\u2019Evry Val d&rsquo;Essonne.<\/p>\n<p>L&rsquo;objectif est de faire un tour d&rsquo;horizon des r\u00e9sultats scientifiques r\u00e9cents et des projets [issus des diff\u00e9rentes th\u00e9matiques de CPPS] en chimie-physique au niveau de Paris-Saclay. Nous souhaitons que cette Journ\u00e9e Scientifique, gratuite et ouverte \u00e0 tous, soit un lieu convivial et de discussion entre laboratoires, entre \u00e9tudiants et chercheurs confirm\u00e9s.<\/p>\n<pre><strong>La page web d\u00e9di\u00e9e \u00e0 cet \u00e9v\u00e9nement est la suivante : <a href=\"https:\/\/cpps2017.sciencesconf.org\/\">https:\/\/cpps2017.sciencesconf.org\/<\/a><\/strong><\/pre>\n<p>Sur cette page, vous trouverez:<\/p>\n<p>&#8211; les informations n\u00e9cessaires pour vous inscrire,<\/p>\n<p>&#8211; le formulaire au format docx pour soumettre une demande de communication (orale ou poster) ,<\/p>\n<p>&#8211; le plan d&rsquo;acc\u00e8s pour vous rendre sur le site de l&rsquo;IBGBI.<\/p>\n<p>L&rsquo;inscription est gratuite mais est obligatoire \u00e0 des fins d&rsquo;organisation .<\/p>\n<p><strong>Date limite d&rsquo;envoi des r\u00e9sum\u00e9s :\u00a06 septembre 2017<\/strong><\/p>\n<p><strong>Date limite d&rsquo;inscription \u00e0 la journ\u00e9e :\u00a013 septembre 2017<\/strong><\/p>\n<p>En esp\u00e9rant vous voir nombreux \u00e0 cette journ\u00e9e !<\/p>\n","protected":false},"excerpt":{"rendered":"<p>La\u00a0F\u00e9d\u00e9ration de Chimie-Physique de Paris Saclay (CPPS)\u00a0organise une\u00a0Journ\u00e9e Scientifique CPPS le\u00a0mercredi 20 Septembre 2017, au b\u00e2timent IBGBI de l&rsquo;Universit\u00e9 d\u2019Evry Val d&rsquo;Essonne. L&rsquo;objectif est de faire un tour d&rsquo;horizon des r\u00e9sultats scientifiques r\u00e9cents et des projets [issus des diff\u00e9rentes th\u00e9matiques de CPPS] en chimie-physique au niveau de Paris-Saclay. Nous souhaitons \u2026 <a class=\"continue-reading-link\" href=\"http:\/\/www.cpps.universite-paris-saclay.fr\/?page_id=1679\"> Continue reading<\/a><\/p>\n","protected":false},"author":1,"featured_media":0,"parent":1448,"menu_order":8,"comment_status":"closed","ping_status":"closed","template":"","meta":{"footnotes":""},"class_list":["post-1679","page","type-page","status-publish","hentry"],"_links":{"self":[{"href":"http:\/\/www.cpps.universite-paris-saclay.fr\/index.php?rest_route=\/wp\/v2\/pages\/1679","targetHints":{"allow":["GET"]}}],"collection":[{"href":"http:\/\/www.cpps.universite-paris-saclay.fr\/index.php?rest_route=\/wp\/v2\/pages"}],"about":[{"href":"http:\/\/www.cpps.universite-paris-saclay.fr\/index.php?rest_route=\/wp\/v2\/types\/page"}],"author":[{"embeddable":true,"href":"http:\/\/www.cpps.universite-paris-saclay.fr\/index.php?rest_route=\/wp\/v2\/users\/1"}],"replies":[{"embeddable":true,"href":"http:\/\/www.cpps.universite-paris-saclay.fr\/index.php?rest_route=%2Fwp%2Fv2%2Fcomments&post=1679"}],"version-history":[{"count":6,"href":"http:\/\/www.cpps.universite-paris-saclay.fr\/index.php?rest_route=\/wp\/v2\/pages\/1679\/revisions"}],"predecessor-version":[{"id":1696,"href":"http:\/\/www.cpps.universite-paris-saclay.fr\/index.php?rest_route=\/wp\/v2\/pages\/1679\/revisions\/1696"}],"up":[{"embeddable":true,"href":"http:\/\/www.cpps.universite-paris-saclay.fr\/index.php?rest_route=\/wp\/v2\/pages\/1448"}],"wp:attachment":[{"href":"http:\/\/www.cpps.universite-paris-saclay.fr\/index.php?rest_route=%2Fwp%2Fv2%2Fmedia&parent=1679"}],"curies":[{"name":"wp","href":"https:\/\/api.w.org\/{rel}","templated":true}]}}