{"id":1462,"date":"2017-03-07T09:59:25","date_gmt":"2017-03-07T08:59:25","guid":{"rendered":"http:\/\/www.cpps.u-psud.fr\/?page_id=1462"},"modified":"2018-05-01T23:31:16","modified_gmt":"2018-05-01T22:31:16","slug":"workshop-ammib","status":"publish","type":"page","link":"http:\/\/www.cpps.universite-paris-saclay.fr\/?page_id=1462","title":{"rendered":"5e Workshop AMMIB"},"content":{"rendered":"<p><strong>Atelier de Mod\u00e9lisation des Mol\u00e9cules d\u2019Int\u00e9r\u00eat Biologique (AMMIB) de Paris-Saclay<\/strong><\/p>\n<p><strong><span style=\"color: #800000;\">JEUDI 27 AVRIL 2017<\/span> \u2013 Facult\u00e9 des Sciences d\u2019Orsay \u2013 Laboratoire de Chimie Physique \u2013 salle Magat \u2013 b\u00e2timent 349 \u2013<a href=\"http:\/\/www.lcp.u-psud.fr\/spip.php?rubrique64\"> Acc\u00e8s<\/a><\/strong><\/p>\n<p><strong><span style=\"color: #000000;\"><span style=\"color: #993300;\"><a style=\"color: #993300;\" href=\"http:\/\/www.cpps.u-psud.fr\/wp-content\/uploads\/2017\/03\/Programme_AMMIB.pdf\">PROGRAMME<\/a><\/span> \u2013 <span style=\"color: #800000;\"><a style=\"color: #800000;\" href=\"http:\/\/www.cpps.u-psud.fr\/?page_id=1473\">INSCRIPTION<\/a><\/span><\/span><\/strong><\/p>\n<p>La cinqui\u00e8me \u00e9dition de l&rsquo;Atelier de Mod\u00e9lisation des Mol\u00e9cules d&rsquo;Int\u00e9r\u00eat Biologique (AMMIB) de Paris-Saclay se tiendra cette ann\u00e9e au Laboratoire de Chimie Physique le jeudi 27 avril 2017.<\/p>\n<p>Dans la lign\u00e9e des \u00e9ditions pr\u00e9c\u00e9dentes cette journ\u00e9e se veut conviviale. Elle sera l&rsquo;occasion d&rsquo;offrir un panorama des acteurs et des recherches de mod\u00e9lisation biomol\u00e9culaire \u00e0 l&rsquo;Universit\u00e9 Paris-Saclay. L&rsquo;atelier visera aussi \u00e0 favoriser les \u00e9changes et discussions entre les chercheurs et \u00e9tudiants des laboratoires affili\u00e9s,<\/p>\n<p>Les organisateurs invitent toutes celles et ceux qui souhaitent faire une pr\u00e9sentation orale (25&prime; + 5&prime; de questions), \u00e0 soumettre un court r\u00e9sum\u00e9 (1 page maximum, en fran\u00e7ais ou en anglais) <a href=\"mailto:aurelien.de-la-lande@u-psud.fr\">par mail ici<\/a> en utilisant le <a href=\"http:\/\/www.cpps.u-psud.fr\/wp-content\/uploads\/2017\/03\/Template_AMMIB.docx\">template t\u00e9l\u00e9chargeable ici<\/a>. <span style=\"color: #cc0000;\"><span style=\"color: #000000;\"><strong>Le choix des pr\u00e9sentations sera fait la semaine du 3 avril<\/strong>. Les doctorants et post-doctorants sont vivement encourag\u00e9s \u00e0 faire une pr\u00e9sentation. <\/span><\/span><\/p>\n<p><strong>L&rsquo;inscription est gratuite mais obligatoire.<\/strong><\/p>\n<p>Nous vous attendons nombreux.<\/p>\n<p><a href=\"http:\/\/www.cpps.u-psud.fr\/wp-content\/uploads\/2017\/03\/Affiche_AMMIB.pdf\"><strong>AFFICHE<\/strong><\/a><\/p>\n<p>&nbsp;<\/p>\n<pre><strong>INSCRIPTION (au plus tard le 31\/03\/17)<\/strong> - <a href=\"http:\/\/www.cpps.u-psud.fr\/?page_id=1473\"><span style=\"color: #993300;\"><strong>ICI<\/strong><\/span><\/a><\/pre>\n","protected":false},"excerpt":{"rendered":"<p>Atelier de Mod\u00e9lisation des Mol\u00e9cules d\u2019Int\u00e9r\u00eat Biologique (AMMIB) de Paris-Saclay JEUDI 27 AVRIL 2017 \u2013 Facult\u00e9 des Sciences d\u2019Orsay \u2013 Laboratoire de Chimie Physique \u2013 salle Magat \u2013 b\u00e2timent 349 \u2013 Acc\u00e8s PROGRAMME \u2013 INSCRIPTION La cinqui\u00e8me \u00e9dition de l&rsquo;Atelier de Mod\u00e9lisation des Mol\u00e9cules d&rsquo;Int\u00e9r\u00eat Biologique (AMMIB) de Paris-Saclay se \u2026 <a class=\"continue-reading-link\" href=\"http:\/\/www.cpps.universite-paris-saclay.fr\/?page_id=1462\"> Continue reading<\/a><\/p>\n","protected":false},"author":1,"featured_media":0,"parent":1448,"menu_order":4,"comment_status":"closed","ping_status":"closed","template":"","meta":{"footnotes":""},"class_list":["post-1462","page","type-page","status-publish","hentry"],"_links":{"self":[{"href":"http:\/\/www.cpps.universite-paris-saclay.fr\/index.php?rest_route=\/wp\/v2\/pages\/1462","targetHints":{"allow":["GET"]}}],"collection":[{"href":"http:\/\/www.cpps.universite-paris-saclay.fr\/index.php?rest_route=\/wp\/v2\/pages"}],"about":[{"href":"http:\/\/www.cpps.universite-paris-saclay.fr\/index.php?rest_route=\/wp\/v2\/types\/page"}],"author":[{"embeddable":true,"href":"http:\/\/www.cpps.universite-paris-saclay.fr\/index.php?rest_route=\/wp\/v2\/users\/1"}],"replies":[{"embeddable":true,"href":"http:\/\/www.cpps.universite-paris-saclay.fr\/index.php?rest_route=%2Fwp%2Fv2%2Fcomments&post=1462"}],"version-history":[{"count":26,"href":"http:\/\/www.cpps.universite-paris-saclay.fr\/index.php?rest_route=\/wp\/v2\/pages\/1462\/revisions"}],"predecessor-version":[{"id":1647,"href":"http:\/\/www.cpps.universite-paris-saclay.fr\/index.php?rest_route=\/wp\/v2\/pages\/1462\/revisions\/1647"}],"up":[{"embeddable":true,"href":"http:\/\/www.cpps.universite-paris-saclay.fr\/index.php?rest_route=\/wp\/v2\/pages\/1448"}],"wp:attachment":[{"href":"http:\/\/www.cpps.universite-paris-saclay.fr\/index.php?rest_route=%2Fwp%2Fv2%2Fmedia&parent=1462"}],"curies":[{"name":"wp","href":"https:\/\/api.w.org\/{rel}","templated":true}]}}