{"id":1228,"date":"2015-09-29T08:45:24","date_gmt":"2015-09-29T07:45:24","guid":{"rendered":"http:\/\/www.cpps.u-psud.fr\/?page_id=1228"},"modified":"2019-03-13T16:04:23","modified_gmt":"2019-03-13T15:04:23","slug":"2013-2","status":"publish","type":"page","link":"http:\/\/www.cpps.universite-paris-saclay.fr\/?page_id=1228","title":{"rendered":"2013"},"content":{"rendered":"<p>29\/11\/2013\u00a0: Journ\u00e9e X@SOLEIL et Chimie Paris-Saclay (<a href=\"http:\/\/www.cpps.u-psud.fr\/wp-content\/uploads\/2013\/11\/X_chimie_v2.pdf\">Programme<\/a>)<\/p>\n<p>20\/10\/2013\u00a0: Journ\u00e9e MOBICS (<a href=\"http:\/\/www.cpps.u-psud.fr\/wp-content\/uploads\/2013\/11\/Programme-Journ\u00e9e-MOBICS-201113.pdf\">Programme<\/a>)<\/p>\n<p>19\/02\/2013\u00a0: Journ\u00e9e Physico-Chimie des excitations \u00e9lectroniques et vibrationnelles\u00a0: dialogue th\u00e9orie-exp\u00e9rience (<a href=\"http:\/\/www.cpps.u-psud.fr\/wp-content\/uploads\/2013\/12\/130219_CPPS_Excitations_Electroniques_Vibrationnelles.pdf\">Programme<\/a>)<\/p>\n<p>15\/02\/2013\u00a0: Journ\u00e9e R\u00e9activit\u00e9 en phase condens\u00e9e r\u00e9solue en temps (<a href=\"http:\/\/www.cpps.u-psud.fr\/wp-content\/uploads\/2013\/12\/130215_CPPS_Reactivit\u00e9_R\u00e9solue_Temps.pdf\">Programme<\/a>)<\/p>\n","protected":false},"excerpt":{"rendered":"<p>29\/11\/2013\u00a0: Journ\u00e9e X@SOLEIL et Chimie Paris-Saclay (Programme) 20\/10\/2013\u00a0: Journ\u00e9e MOBICS (Programme) 19\/02\/2013\u00a0: Journ\u00e9e Physico-Chimie des excitations \u00e9lectroniques et vibrationnelles\u00a0: dialogue th\u00e9orie-exp\u00e9rience (Programme) 15\/02\/2013\u00a0: Journ\u00e9e R\u00e9activit\u00e9 en phase condens\u00e9e r\u00e9solue en temps (Programme) <a class=\"continue-reading-link\" href=\"http:\/\/www.cpps.universite-paris-saclay.fr\/?page_id=1228\"> Continue reading<\/a><\/p>\n","protected":false},"author":1,"featured_media":0,"parent":31,"menu_order":7,"comment_status":"closed","ping_status":"closed","template":"","meta":{"footnotes":""},"class_list":["post-1228","page","type-page","status-publish","hentry"],"_links":{"self":[{"href":"http:\/\/www.cpps.universite-paris-saclay.fr\/index.php?rest_route=\/wp\/v2\/pages\/1228","targetHints":{"allow":["GET"]}}],"collection":[{"href":"http:\/\/www.cpps.universite-paris-saclay.fr\/index.php?rest_route=\/wp\/v2\/pages"}],"about":[{"href":"http:\/\/www.cpps.universite-paris-saclay.fr\/index.php?rest_route=\/wp\/v2\/types\/page"}],"author":[{"embeddable":true,"href":"http:\/\/www.cpps.universite-paris-saclay.fr\/index.php?rest_route=\/wp\/v2\/users\/1"}],"replies":[{"embeddable":true,"href":"http:\/\/www.cpps.universite-paris-saclay.fr\/index.php?rest_route=%2Fwp%2Fv2%2Fcomments&post=1228"}],"version-history":[{"count":2,"href":"http:\/\/www.cpps.universite-paris-saclay.fr\/index.php?rest_route=\/wp\/v2\/pages\/1228\/revisions"}],"predecessor-version":[{"id":1230,"href":"http:\/\/www.cpps.universite-paris-saclay.fr\/index.php?rest_route=\/wp\/v2\/pages\/1228\/revisions\/1230"}],"up":[{"embeddable":true,"href":"http:\/\/www.cpps.universite-paris-saclay.fr\/index.php?rest_route=\/wp\/v2\/pages\/31"}],"wp:attachment":[{"href":"http:\/\/www.cpps.universite-paris-saclay.fr\/index.php?rest_route=%2Fwp%2Fv2%2Fmedia&parent=1228"}],"curies":[{"name":"wp","href":"https:\/\/api.w.org\/{rel}","templated":true}]}}